y. Let b(o) = -11*o + 17. Let n be b(-7). Suppose -14*m + n + 564 = y. List the prime factors of m.
47
Let r(n) = -2*n**3 + n**2 - 82*n - 354. What are the prime factors of r(-28)?
2, 5, 4663
Suppose -2*x + 8 = 0, 12*f + 70032 = 15*f - 3*x. List the prime factors of f.
2, 13, 449
Let f(b) = 4219*b**3 + 2*b**2 + 49*b - 1. List the prime factors of f(2).
33857
Suppose 46 = 2*n - 5*h, -2*n + n + 4*h + 29 = 0. Suppose v + n*v = 1120. Suppose -3*a + 230 = -2*d + 3*d, -a + 3*d = -v. What are the prime factors of a?
7, 11
Suppose 3*c - 9*c + 960 = 0. Suppose 5*q - c = -5*w, -5*q = 2*w - 15 - 43. Let s = 59 - w. What are the prime factors of s?
5
Let a(f) = 57*f + 2. Let h be a(2). Let g = 179 - 1. Let m = g - h. List the prime factors of m.
2, 31
Let b = 184 - 493. Let x = 672 + b. List the prime factors of x.
3, 11
Suppose -3*u = 17*h - 16*h - 1983, 3*h + 3*u = 5943. List the prime factors of 654/(-5)*h/(-264).
3, 109
Suppose -27*u = -13166 + 3500. Suppose 2000 = 6*x - u. What are the prime factors of x?
3, 131
Let z = 10582 - -3661. List the prime factors of z.
14243
What are the prime factors of 27/144 - 15429778/(-416)?
29, 1279
Suppose -5363046 = -176*w - 144*w + 822554. What are the prime factors of w?
2, 5, 1933
Let n(g) = 6*g**3 - 14*g**2 + 7*g - 8. Let d(t) = 5*t**3 - 14*t**2 + 5*t - 9. Let i(h) = -5*d(h) + 4*n(h). What are the prime factors of i(8)?
421
Suppose i + i = 7122 + 3388. List the prime factors of i.
5, 1051
Let k = 63938 + -31121. What are the prime factors of k?
3, 10939
Let k be 0 - 11 - 2832 - 0/(-2). Let q = k - -4208. List the prime factors of q.
3, 5, 7, 13
What are the prime factors of (2768 - -31)*7/((-21)/(-4))?
2, 3, 311
Let z be 1617 - -8*5/(-20). Let l = z - 818. List the prime factors of l.
797
Suppose -4*b + 273 - 1281 = 0. Let z = 111 - b. List the prime factors of z.
3, 11
Let m(j) = -17*j**3 - 22*j**2 - 87*j - 1289. What are the prime factors of m(-16)?
13, 4931
What are the prime factors of 5992 - (-7 - -16) - -15?
2, 2999
Let m be 4/(20/143) + (-8)/(-20). Let z = m - 21. Suppose -16 = -4*p - z. What are the prime factors of p?
2
Suppose -70257 = -10*y + 5*y - 4*v, -2*v = 14. List the prime factors of y.
14057
Let t(v) = -2*v**2 + 14*v + 8. Suppose 0*b + 4*q = -b - 13, q = 2*b - 19. Let u be t(b). Suppose -u*c + 329 = -c. What are the prime factors of c?
47
Let v = 295 - -348. Let o = v - -1033. What are the prime factors of o?
2, 419
Suppose 12*z - 136 = 8*z. Let j(d) = 11*d + 31 + 3*d**3 - z - d**3. What are the prime factors of j(4)?
13
Suppose 14*u + 418 = 13*u + z, -2*z = -u - 418. Let w = 1814 + u. What are the prime factors of w?
2, 349
Suppose 0 = 4*h - 2*d - 27032 - 75916, h - 2*d = 25746. List the prime factors of h.
2, 3, 4289
Let u(v) = 21*v**3 - 3*v**2 + 5*v. Suppose 0 = 2*c - 0*c - 18. Suppose -c*j = -4*j - 10. What are the prime factors of u(j)?
2, 83
Let w(p) = 14*p - 49. Let n(d) = 23*d**2 + 3*d. Let r be n(1). List the prime factors of w(r).
3, 5, 7
Suppose 3*u + 28*u - 9*u = 1553662. List the prime factors of u.
70621
Suppose -1744 = -2*u + 3*o + o, -887 = -u - 3*o. Suppose 4*l + 5*p = u, -5*l + 1627 - 523 = 3*p. List the prime factors of l.
2, 3, 37
Let h(m) = 321*m - 3395. List the prime factors of h(119).
2, 7, 11, 113
Let u = -66 - -76. Suppose -70 = -15*n - u. Suppose 2*m + 3*h = 259, -m + 54 + 81 = -n*h. List the prime factors of m.
131
Let y = 1493 + 2103. List the prime factors of y.
2, 29, 31
Let o(i) = 799*i - 1045. List the prime factors of o(6).
23, 163
Let r(s) = -2*s**2 + 21*s. Let j be r(8). Suppose -9709 = -j*h + 21*h. List the prime factors of h.
7, 73
Let y be (8 + -4 + 7)/((-3)/204). Let w = y - -1112. What are the prime factors of w?
2, 7, 13
Let u = -46435 + 89399. List the prime factors of u.
2, 23, 467
Let p(h) = h**2 + 19*h - 144. Let q be p(6). Let n(w) = 4*w**3 - 7*w**2 + 23*w - 29. List the prime factors of n(q).
7, 103
Let s(d) = 44*d. Let h(b) = 1. Let w(f) = 3*h(f) - s(f). List the prime factors of w(-36).
3, 23
Let j = -33067 - -41525. What are the prime factors of j?
2, 4229
Suppose 9*s - 24 = 7*s. Let c(t) = 17*t + 8. Let y be c(s). Suppose -812 = -4*n - y. List the prime factors of n.
2, 3, 5
Suppose -k + 3 + 3 = 0. Suppose k*m - 579 = 117. Suppose -d = -2, u - m = -4*u + 2*d. What are the prime factors of u?
2, 3
Let k be (2 - 0) + -63 - -5. Let u = k - -156. Suppose 10*g - 5*g - u = 0. What are the prime factors of g?
2, 5
Let c(t) = -25*t + 50. Let y be c(2). Suppose 1382 = d + m + 89, 3*d + 2*m - 3882 = y. What are the prime factors of d?
2, 3
Let k be 18/72 - (-4983)/4. Let n = k - 792. List the prime factors of n.
2, 227
Let t(y) = -14*y - 7. Let n be t(-2). Suppose -7994 - 5278 = -n*s. What are the prime factors of s?
2, 79
Suppose 48*d - 100*d + 1901636 = 69*d. What are the prime factors of d?
2, 3929
Suppose 0 = -151*k + 81*k - 307295 + 6988025. List the prime factors of k.
3, 29, 1097
Suppose -6*t - 3*t = -18. Suppose -6 = 3*f + 9, 0 = -t*o - 2*f + 1454. What are the prime factors of o?
2, 3, 61
Suppose 0 = -5*b - 5*q - 210, -3 = -q - 6. Let i = -44 - b. List the prime factors of (14/(-12) + 2/12)*i.
5
Let i be (-226822)/(-304) + 1*(-3)/24. Let r = -683 + i. List the prime factors of r.
3, 7
Let o(v) = v**3 + 7*v**2 + 5*v. Let u be o(-6). Let c(j) be the second derivative of j**4/4 - 13*j**3/6 + 25*j**2/2 - 10*j + 2. List the prime factors of c(u).
5, 11
Suppose 4*h = 5 + 7, 0 = -4*q - 3*h - 23. Let w(r) = -86*r + 10. Let j be w(q). Suppose 4*d - j = -5*g, 3*d - 4*d = -4*g - 185. What are the prime factors of d?
3, 59
Suppose 4*s - 5*c - 763 = 0, 2*s - 194 = s - 2*c. Suppose 718*k - 1822 = 717*k. Suppose -10*w - s = -k. List the prime factors of w.
163
What are the prime factors of (113/(-2))/(-22 - -20 - 57/(-30))?
5, 113
Suppose 0 = 2*s + 4*w - 14470, 3*s + 18*w - 23*w = 21749. What are the prime factors of s?
7243
Let a be (4 - -1)*(-3036)/(-15) - 1. Let r = a - 860. What are the prime factors of r?
151
Suppose 5*q - 113 = -23. Suppose q = 14*h - 8*h. Suppose -4*v - 3*f = 2*f - 261, -v + h*f = -61. List the prime factors of v.
2
Let w = 29 + -15. Let j be (-7)/w*(-4)/(-2)*-2. List the prime factors of (-4)/((j/(-9))/((-11)/(-3))).
2, 3, 11
Let a(l) = 2*l**2 - 8*l - 17. Let r be a(-7). Let x be r - 3/9*15. Let i = x + -92. List the prime factors of i.
2, 5
Let a(q) = q**3 + 12*q**2 - 2*q - 17. Let m be a(-12). Let u(o) = o**3 - 12*o**2 - 6*o + 9. Let r be u(m). Let k = r - -401. What are the prime factors of k?
3, 41
Suppose t + 0*r = r + 5439, 6*r = 12. List the prime factors of t.
5441
Suppose -30*j = -33*j - 48. List the prime factors of (-7852)/j + (-15)/20.
2, 5, 7
Let h(x) = -667*x + 1. Let d be h(-1). Suppose 5*v - 358 = -2*o, -7*o + d = -3*o - 2*v. What are the prime factors of o?
13
Let i(x) = x**3 + 5*x**2 - x - 2. Let j = -20 + 15. Let p be i(j). Let r(u) = 5*u**2 - 4*u - 1. What are the prime factors of r(p)?
2
Suppose -35 = -4*p - 23. Let b be (5 + -2)*(-44)/p. Let w = b + 160. What are the prime factors of w?
2, 29
Let n = -1681 + 1808. Let b = -230 + 114. Let t = n + b. What are the prime factors of t?
11
Suppose -3*m = a - 1 - 0, -4*a = 5*m - 4. Suppose 2*z = 4*n - 34, m = -z - 2*n + 2 - 3. What are the prime factors of (z/6)/(1/(-2)) + 0?
3
Let m be 262 - (2 - (-5 - -7)). Suppose -1352 = 5*h - m. Let u = h + 428. List the prime factors of u.
2, 3, 5, 7
Let v(n) be the third derivative of -5*n**4/24 + 62*n**3/3 + 16*n**2. What are the prime factors of v(15)?
7
Suppose -h + 15 = 2*h. Suppose 0 = -h*g - 159 - 551. Let o = g + 285. List the prime factors of o.
11, 13
Let r = -10578 - -16134. Suppose -3*f - 3*f + r = 0. Suppose -16*s + f = -162. What are the prime factors of s?
2, 17
Let r(i) = -12*i + 123. Let d be r(8). List the prime factors of 4/(-9) + 552/d.
2, 5
Let k(p) be the first derivative of -p**4/2 + 25*p**3/3 + 10*p**2 - 8*p - 15. List the prime factors of k(10).
2, 173
Let n = 75 + -60. Suppose j + 12 - n = 0. Suppose 0 = 3*m + 12, j*b + m - 462 - 65 = 0. List the prime factors of b.
3, 59
Let s = 1837 - -4283. Suppose -s = -42*q + 22*q. What are the prime factors of q?
2, 3, 17
Suppose 72*n - 14*n - 93474 = 396162. What are the prime factors of n?
2, 3, 7, 67
Let a(d) = 4*d**2 - 77*d + 591. What are the prime factor